 p + 36 = 14*s. List the prime factors of s.
5
Suppose 15*i - 105890 - 60817 - 41493 = 0. List the prime factors of i.
2, 5, 347
Let m = -15283 - -22658. List the prime factors of m.
5, 59
Suppose -3 = -z - 1, -z + 11 = 3*w. Let s = 7343 + -7163. Suppose -w*l = -5*k + 910, -5*l = -5*k - s + 1090. List the prime factors of k.
2, 7, 13
Suppose 0 = 258*i - 203419 - 191321. List the prime factors of i.
2, 3, 5, 17
Let v be 4/(-2)*((-12)/2 + 0). Suppose 116*a - 120*a = v. List the prime factors of a/(-2)*624/9.
2, 13
Suppose -13 - 26 = -13*c. Let n be (0 - 0)*(-1)/c + 5. What are the prime factors of 1*(106 - n/(-5))?
107
Let g = 23253 + -6367. List the prime factors of g.
2, 8443
Suppose -a - 281 = -j, 0*a + 3*a = -3*j + 831. Let f(w) = 5*w - 1. Let t be f(1). List the prime factors of (t/(-12))/((-3)/j).
31
Suppose 30391 - 32136 = -116*l + 500999. List the prime factors of l.
2, 11, 197
Let g(k) be the second derivative of 0 - 5/2*k**3 - 15*k - 9*k**2. List the prime factors of g(-7).
3, 29
Suppose 0 = -w + 2*a + 1694, -8 = -3*a + 1. Suppose y = -4*v + 1348, -5*y = v + 4*v - w. List the prime factors of v.
2, 3, 7
Suppose -5*x - 5*a + 16227 = -11618, x - 5575 = -2*a. List the prime factors of x.
5563
Let m = -9040 + 9454. List the prime factors of m.
2, 3, 23
Let p(v) = -v**2 - 12*v - 18. Let c be p(-9). Suppose -c*k = 338 - 3722. What are the prime factors of k?
2, 47
Let d be (-40)/16*(-140)/25. Suppose -5*n = -4*r + 136, 20 = d*n - 19*n. List the prime factors of r.
29
Let j = -25909 + 82100. List the prime factors of j.
83, 677
Suppose 1591 - 591 = 10*d. Suppose -16 + 70 = c. Let n = d - c. List the prime factors of n.
2, 23
Suppose -8*v + 7685 = -10944 + 4245. List the prime factors of v.
2, 29, 31
Let d be 3 + (8/2 - 4). Let p = -77 - -81. Suppose -d*t - z + 438 = 0, 0 = z - p*z - 9. List the prime factors of t.
3, 7
Suppose 101*p + 444654 = -42*p + 2607529. What are the prime factors of p?
5, 11
Suppose 0 = -5*n + 4*a + 4, 4*a - 2*a = -2. Suppose n*x = -x + 4*i + 8, 2*x - 4*i = 8. Let l(m) = m + 29. What are the prime factors of l(x)?
29
Suppose 232 = w + 5*j, -4*w = -168*j + 164*j - 856. Suppose l + 3*l - 1292 = 0. Let x = l - w. List the prime factors of x.
2, 53
Suppose -20 = q - 21, -q + 3991 = 3*o. List the prime factors of o - ((-2)/1)/(7 + -6).
2, 3, 37
Let s be 5 + -2616 + -24 + 1*5. Let v = s + 3713. List the prime factors of v.
3, 19
Let n = 63537 + -30615. Suppose -2758 = -40*a + n. List the prime factors of a.
2, 223
Let l = 7332 - 1689. What are the prime factors of l?
3, 11, 19
Let w = 57 + -64. Let t(m) = 2*m**3 - 7*m**2 + 12*m + 9. Let a(q) = 5*q**3 - 21*q**2 + 35*q + 26. Let f(r) = -3*a(r) + 8*t(r). List the prime factors of f(w).
3, 19
Let f be 2353 + -4 + (-2 - -4). Let y = f + -1518. What are the prime factors of y?
7, 17
Let w = 971 - 891. What are the prime factors of 6/(-16) + 2/(w/65615)?
2, 5, 41
Suppose 31*s - 375500 = -26*s + 73. What are the prime factors of s?
11, 599
Suppose -5*x = 4*t - 35763, 3*x + 53*t = 55*t + 21471. What are the prime factors of x?
3, 5, 53
Suppose 246 + 58 = 8*m. List the prime factors of 45 + 4/3*57/m.
47
Let l = 8695 - 3625. List the prime factors of l.
2, 3, 5, 13
Suppose 424*s - 92*s = 6811054 + 2292718. List the prime factors of s.
17, 1613
Suppose -207*a = -29*a - 2682810 - 197052. List the prime factors of a.
3, 5393
Suppose 5*o = -5*g - 10, -3*o - 34 + 0 = -4*g. List the prime factors of o/4*14482/(-39).
557
Let b(v) = -102*v**3 - 6*v**2. Let g = -665 + 663. List the prime factors of b(g).
2, 3, 11
Suppose 4*g + r = 10792, -5*g + r = -4*g - 2693. Suppose -15*j + g = -3393. List the prime factors of j.
2, 7, 29
Let v(r) = -5*r - 21. Let y(i) = 9*i + 41. Let h(k) = -13*v(k) - 6*y(k). Let g(o) = -o. Let x(z) = 4*g(z) + h(z). What are the prime factors of x(8)?
83
Let s be ((-5)/(-2))/(3/(-6)) - 1220. Let w = -766 - s. List the prime factors of w.
3, 17
Let r be (-42)/(-56) + 526/(-8). Let x be 379/13 - (-10)/r. Let n = 90 - x. List the prime factors of n.
61
Let g = -27 + 27. Suppose -2*a = 4*r - 0*a - 20, 2*r - 2*a - 10 = g. Suppose 0*l - r*l + 624 = 2*m, 3*l - 376 = -2*m. What are the prime factors of l?
2, 31
Suppose -g - 9 = z, -3*z - z + 3*g = 1. Let s(m) be the third derivative of -m**5/60 - m**4/6 + m**3/3 - 147*m**2. List the prime factors of s(z).
2
Let o be (-1014)/21 - -3 - (-2)/7. Let j be 112/18 + (-10)/o*-1. Suppose -7*r + 102 = -j*r. List the prime factors of r.
2, 3, 17
Let y be 1/(2/1 + (-1155)/575). Let k be (y/2)/((-10)/20). Let x = -4 + k. List the prime factors of x.
3, 37
Suppose 0 = -4*s + 2*a + 26, -4*a - 22 = -2*s. Suppose 0 = 5*i - s - 15. Suppose i*y = -y + 300. List the prime factors of y.
2, 3, 5
Let q = 5191 - -9337. List the prime factors of q.
2, 227
Let j = 7935 - -10985. What are the prime factors of j?
2, 5, 11, 43
Suppose 63 = 5*v - 2*j + 21, 3*v + 4*j - 20 = 0. Suppose -5*c + 640 = 5*z, -7*c = -9*c - v. List the prime factors of z.
2, 3, 11
Let u(q) = -q**3 - 7*q**2 - 15*q - 2. Let j be u(-2). Suppose 23*o = -j*o + 3844. List the prime factors of o.
2, 31
Let r = 62 + -58. Suppose -5*l + 5*b = -10, r*l + b - 8 = -2*b. Suppose -l*u + 2*a = -0*u - 120, -4*a + 144 = 2*u. List the prime factors of u.
2
Let x(d) = -3*d + 0 + 29*d**2 - 5*d**2 + 45*d**2 + 4. What are the prime factors of x(1)?
2, 5, 7
Let t(f) = -f**2 - 12*f - 7. Let b(o) = -o**2 + 3*o - 4. Suppose 3*d - 3*k = -7*k - 8, -2 = -d + k. Let g be b(d). List the prime factors of t(g).
5
Let n(m) = -2*m**3 - 28*m**2 + 37*m - 13. Let z be n(-18). Let f = z - 974. List the prime factors of f.
3, 313
Let q = -65530 + 111201. What are the prime factors of q?
109, 419
Let u be (-7 + -1 - -7)/(1/(-28)). Suppose u*g - 21541 = 24771. List the prime factors of g.
2, 827
Suppose 8*b + 313 = 313. Suppose -9*r + 14146 + 218 = b. List the prime factors of r.
2, 3, 7, 19
Suppose 151257 = 2*l - c, -3*l - 4*c = -144664 - 82216. What are the prime factors of l?
2, 7, 37, 73
Suppose 0 = -5*r + 7*r - 2*j - 16974, -r + 3*j + 8475 = 0. What are the prime factors of r?
3, 19, 149
Let x(h) be the first derivative of 1/3*h**3 - 2*h - 1/2*h**2 - 23/4*h**4 + 42. What are the prime factors of x(-2)?
2, 47
Let h = -1028 - -3626. List the prime factors of h.
2, 3, 433
Let d(x) = 523*x + 5035. List the prime factors of d(77).
2, 3, 839
Let y(u) = u**3 + 3*u**2 - u - 7. Let i be y(-3). Let a be 114/i*(8/6)/(-2). Suppose 0 = -20*f + a*f + 71. List the prime factors of f.
71
Suppose -37*a = -1876166 + 1505559 - 2104027. List the prime factors of a.
2, 3, 71, 157
Let x = -5680 - -38717. List the prime factors of x.
33037
Suppose -c + 3*p + 10 = -7, 4*c + 3*p = 83. Suppose 0 = -c*i + 19131 + 2049. What are the prime factors of i?
3, 353
Let a(u) = -5999*u + 60. List the prime factors of a(-1).
73, 83
Suppose -3*c + 2*k + 42515 = -81921, 0 = -c + 7*k + 41447. What are the prime factors of c?
2, 7, 2963
Suppose 0 = -z - 4*j + 10389, -3*j + 41595 = -9*z + 13*z. What are the prime factors of z?
3, 3467
Suppose m + s = 3, -2*m - 2*s - s + 4 = 0. Let f be ((m - 3) + -3)*0 + 4. Suppose f*q - 626 = -86. What are the prime factors of q?
3, 5
Let k(y) = y**3 - y**2 - 2*y - 1. Let v be k(3). Suppose v*n - 4 = -37. What are the prime factors of (n/(11 - -1))/(1/(-628))?
157
Suppose 137 = -2*s + p - 1, 2*s = 3*p - 134. Let q be (0 - 0) + s/(-14). Suppose -350 = -5*c - q*l, -c + 4*l + 32 + 63 = 0. What are the prime factors of c?
3, 5
Let r = 29469 + 16249. List the prime factors of r.
2, 22859
Let j = 2316 + -1162. Suppose 164 = p - 5*k - 137, -5*k = 4*p - j. List the prime factors of p.
3, 97
Let u be (-16)/10*(-10)/4. Suppose u*d = 23 + 33. Suppose 2*w - 50 + d = 0. What are the prime factors of w?
2, 3
Suppose -9*p + p = -128. Suppose 0 = 5*w - 5*r - 19 - p, 4*w + 3*r - 21 = 0. Suppose -11*d = -w*d - 245. List the prime factors of d.
7
Let c(v) = 206*v**2 + v - 26. Let m be c(-6). Suppose 0 = -17*j + m - 159. Suppose 3*r + y = r + 166, 5*r = -5*y + j. What are the prime factors of r?
3
List the prime factors of 36676/3 - (-634)/951.
2, 6113
Let p = 596 - 592. Suppose -p*x - 46 = -134. What are the prime factors of x?
2, 11
Let j be 1*0/(-3 + 4 - 0). Suppose -l + 8*l - 84 = j. Let o = 15 - l. List the prime factors of o.
3
Let f be (